 is divided by 67?
13
Calculate the remainder when 2434 is divided by 143.
3
What is the remainder when 409850 is divided by 220?
210
Calculate the remainder when 482123 is divided by 47.
44
Calculate the remainder when 3343 is divided by 257.
2
What is the remainder when 27511 is divided by 509?
25
Calculate the remainder when 8404 is divided by 4057.
290
Calculate the remainder when 14563 is divided by 15.
13
What is the remainder when 215057 is divided by 1654?
37
What is the remainder when 1257 is divided by 55?
47
What is the remainder when 36388 is divided by 28?
16
What is the remainder when 306870 is divided by 20455?
45
Calculate the remainder when 12193 is divided by 3022.
105
Calculate the remainder when 21762 is divided by 335.
322
Calculate the remainder when 60561 is divided by 60542.
19
What is the remainder when 35576 is divided by 283?
201
What is the remainder when 11385 is divided by 648?
369
Calculate the remainder when 28626 is divided by 421.
419
Calculate the remainder when 27511406 is divided by 231.
230
What is the remainder when 4019 is divided by 50?
19
Calculate the remainder when 4294 is divided by 4.
2
Calculate the remainder when 7841 is divided by 274.
169
Calculate the remainder when 2626 is divided by 23.
4
What is the remainder when 306352 is divided by 18?
10
What is the remainder when 1464 is divided by 81?
6
Calculate the remainder when 61556 is divided by 2196.
68
What is the remainder when 16269 is divided by 118?
103
Calculate the remainder when 10476 is divided by 49.
39
What is the remainder when 47312 is divided by 13?
5
Calculate the remainder when 12238 is divided by 20.
18
What is the remainder when 51094 is divided by 2331?
2143
What is the remainder when 1811 is divided by 59?
41
What is the remainder when 350448 is divided by 396?
384
What is the remainder when 5895 is divided by 124?
67
What is the remainder when 5607 is divided by 2753?
101
Calculate the remainder when 1303 is divided by 47.
34
What is the remainder when 89718 is divided by 44852?
14
Calculate the remainder when 2851 is divided by 481.
446
Calculate the remainder when 19869 is divided by 32.
29
Calculate the remainder when 8579196 is divided by 224.
220
Calculate the remainder when 215604 is divided by 839.
820
What is the remainder when 42441 is divided by 1013?
908
What is the remainder when 656398 is divided by 93766?
36
What is the remainder when 39358 is divided by 384?
190
What is the remainder when 1005 is divided by 19?
17
What is the remainder when 18031 is divided by 68?
11
What is the remainder when 15327 is divided by 307?
284
What is the remainder when 29091 is divided by 399?
363
What is the remainder when 5868 is divided by 199?
97
What is the remainder when 5387 is divided by 767?
18
Calculate the remainder when 936544 is divided by 19.
15
What is the remainder when 149263 is divided by 45?
43
Calculate the remainder when 9045 is divided by 673.
296
Calculate the remainder when 41632 is divided by 608.
288
What is the remainder when 39401 is divided by 290?
251
Calculate the remainder when 1685 is divided by 99.
2
What is the remainder when 77288 is divided by 226?
222
What is the remainder when 548059 is divided by 17?
13
What is the remainder when 20550350 is divided by 8?
6
Calculate the remainder when 1145 is divided by 50.
45
Calculate the remainder when 7242 is divided by 28.
18
What is the remainder when 22242 is divided by 139?
2
What is the remainder when 326679 is divided by 910?
899
Calculate the remainder when 10868 is divided by 388.
4
What is the remainder when 2920 is divided by 865?
325
What is the remainder when 6152 is divided by 5973?
179
Calculate the remainder when 7835 is divided by 931.
387
What is the remainder when 54874 is divided by 6065?
289
Calculate the remainder when 24995 is divided by 926.
919
Calculate the remainder when 4240 is divided by 44.
16
Calculate the remainder when 53224 is divided by 313.
14
Calculate the remainder when 72003 is divided by 400.
3
What is the remainder when 396401 is divided by 452?
449
Calculate the remainder when 600465 is divided by 600460.
5
Calculate the remainder when 17265 is divided by 755.
655
Calculate the remainder when 31662 is divided by 112.
78
What is the remainder when 72149 is divided by 390?
389
Calculate the remainder when 6929 is divided by 203.
27
Calculate the remainder when 4791 is divided by 272.
167
What is the remainder when 10212 is divided by 753?
423
Calculate the remainder when 9210 is divided by 612.
30
What is the remainder when 21845 is divided by 197?
175
Calculate the remainder when 3628 is divided by 73.
51
What is the remainder when 103341 is divided by 33?
18
What is the remainder when 1171 is divided by 461?
249
Calculate the remainder when 26925 is divided by 6728.
13
Calculate the remainder when 617301 is divided by 578.
575
What is the remainder when 199102 is divided by 244?
242
Calculate the remainder when 245727 is divided by 81907.
6
Calculate the remainder when 31279 is divided by 54.
13
What is the remainder when 2195 is divided by 324?
251
What is the remainder when 888310 is divided by 148049?
16
What is the remainder when 19677 is divided by 365?
332
Calculate the remainder when 140594 is divided by 19.
13
Calculate the remainder when 25712 is divided by 625.
87
What is the remainder when 171785 is divided by 944?
921
Calculate the remainder when 33152 is divided by 2549.
15
Calculate the remainder when 128234 is divided by 25644.
14
What is the remainder when 22257 is divided by 11114?
29
What is the remainder when 9717 is divided by 3221?
54
What is the remainder when 2839 is divided by 795?
454
What is the remainder when 12178 is divided by 106?
94
Calculate the remainder when 9212 is divided by 418.
16
Calculate the remainder when 5632 is divided by 183.
142
Calculate the remainder when 8495 is divided by 29.
27
What is the remainder when 54807 is divided by 104?
103
Calculate the remainder when 24809 is divided by 8267.
8
What is the remainder when 27947 is divided by 182?
101
Calculate the remainder when 2682 is divided by 1798.
884
Calculate the remainder when 32713 is divided by 8170.
33
What is the remainder when 5872 is divided by 2853?
166
What is the remainder when 10829 is divided by 901?
17
Calculate the remainder when 215188 is divided by 948.
940
What is the remainder when 50482 is divided by 9?
1
What is the remainder when 29782 is divided by 438?
436
What is the remainder when 28621 is divided by 1099?
47
What is the remainder when 481495 is divided by 30093?
7
Calculate the remainder when 13167 is divided by 5.
2
What is the remainder when 10402 is divided by 2078?
12
What is the remainder when 91252 is divided by 270?
262
Calculate the remainder when 1684 is divided by 123.
85
Calculate the remainder when 93851 is divided by 33.
32
What is the remainder when 57534 is divided by 28722?
90
Calculate the remainder when 37345 is divided by 241.
231
What is the remainder when 10840 is divided by 183?
43
Calculate the remainder when 4905 is divided by 1616.
57
Calculate the remainder when 1365 is divided by 672.
21
What is the remainder when 1345 is divided by 714?
631
What is the remainder when 5193 is divided by 5061?
132
What is the remainder when 5057936 is divided by 61?
60
Calculate the remainder when 26250 is divided by 1008.
42
What is the remainder when 657 is divided by 173?
138
Calculate the remainder when 132630 is divided by 66302.
26
Calculate the remainder when 3412811 is divided by 21.
17
What is the remainder when 20322 is divided by 10149?
24
Calculate the remainder when 10275 is divided by 1075.
600
Calculate the remainder when 15926 is divided by 7904.
118
What is the remainder when 4463 is divided by 1484?
11
Calculate the remainder when 995729 is divided by 89.
86
Calculate the remainder when 1943 is divided by 164.
139
Calculate the remainder when 2146 is divided by 108.
94
What is the remainder when 7364 is divided by 1459?
69
What is the remainder when 10259 is divided by 2008?
219
What is the remainder when 6323 is divided by 632?
3
Calculate the remainder when 3239 is divided by 75.
14
What is the remainder when 18482 is divided by 615?
32
Calculate the r